{"id":2692,"date":"2021-01-22T07:47:26","date_gmt":"2021-01-22T06:47:26","guid":{"rendered":"https:\/\/webweb.ltett.lu\/?page_id=2692"},"modified":"2025-09-08T10:10:49","modified_gmt":"2025-09-08T08:10:49","slug":"charte-scolaire","status":"publish","type":"page","link":"https:\/\/www.ltett.lu\/lycee\/charte-scolaire\/","title":{"rendered":"Charte scolaire"},"content":{"rendered":"\t\t<div data-elementor-type=\"wp-page\" data-elementor-id=\"2692\" class=\"elementor elementor-2692\" data-elementor-post-type=\"page\">\n\t\t\t\t\t\t<section class=\"elementor-section elementor-top-section elementor-element elementor-element-bd81acc elementor-section-boxed elementor-section-height-default elementor-section-height-default\" data-id=\"bd81acc\" data-element_type=\"section\" data-e-type=\"section\">\n\t\t\t\t\t\t<div class=\"elementor-container elementor-column-gap-default\">\n\t\t\t\t\t<div class=\"elementor-column elementor-col-100 elementor-top-column elementor-element elementor-element-579f192\" data-id=\"579f192\" data-element_type=\"column\" data-e-type=\"column\">\n\t\t\t<div class=\"elementor-widget-wrap elementor-element-populated\">\n\t\t\t\t\t\t<div class=\"elementor-element elementor-element-834fdbb elementor-widget elementor-widget-heading\" data-id=\"834fdbb\" data-element_type=\"widget\" data-e-type=\"widget\" data-widget_type=\"heading.default\">\n\t\t\t\t<div class=\"elementor-widget-container\">\n\t\t\t\t\t<h2 class=\"elementor-heading-title elementor-size-default\">Charte scolaire - Schulcharta<\/h2>\t\t\t\t<\/div>\n\t\t\t\t<\/div>\n\t\t\t\t\t<\/div>\n\t\t<\/div>\n\t\t\t\t\t<\/div>\n\t\t<\/section>\n\t\t\t\t<section class=\"elementor-section elementor-top-section elementor-element elementor-element-e0f73f3 elementor-section-boxed elementor-section-height-default elementor-section-height-default\" data-id=\"e0f73f3\" data-element_type=\"section\" data-e-type=\"section\">\n\t\t\t\t\t\t<div class=\"elementor-container elementor-column-gap-default\">\n\t\t\t\t\t<div class=\"elementor-column elementor-col-50 elementor-top-column elementor-element elementor-element-bd5c456\" data-id=\"bd5c456\" data-element_type=\"column\" data-e-type=\"column\">\n\t\t\t<div class=\"elementor-widget-wrap elementor-element-populated\">\n\t\t\t\t\t\t<div class=\"elementor-element elementor-element-f17d85c elementor-widget elementor-widget-spacer\" data-id=\"f17d85c\" data-element_type=\"widget\" data-e-type=\"widget\" data-widget_type=\"spacer.default\">\n\t\t\t\t<div class=\"elementor-widget-container\">\n\t\t\t\t\t\t\t<div class=\"elementor-spacer\">\n\t\t\t<div class=\"elementor-spacer-inner\"><\/div>\n\t\t<\/div>\n\t\t\t\t\t\t<\/div>\n\t\t\t\t<\/div>\n\t\t\t\t<div class=\"elementor-element elementor-element-e3a5856 elementor-widget elementor-widget-text-editor\" data-id=\"e3a5856\" data-element_type=\"widget\" data-e-type=\"widget\" data-widget_type=\"text-editor.default\">\n\t\t\t\t<div class=\"elementor-widget-container\">\n\t\t\t\t\t\t\t\t\t<p style=\"font-size: 14px; text-align: justify;\"><strong>Werte<\/strong> bilden den Grundstein um ein positives Klima an unserer Schule zu gew\u00e4hrleisten. F\u00fcr uns wichtige Werte haben wir in\u00a0 unserer Schulcharta zusammengefasst.<\/p><p style=\"font-size: 14px; text-align: justify;\"><\/p><p style=\"font-size: 14px; text-align: justify;\"><\/p><p><\/p><p style=\"font-size: 14px; text-align: justify;\">Unsere Schulcharta ist als Instrumentarium zu verstehen, das die Identifikation mit der Schule verst\u00e4rkt, ein <strong>faires Miteinander in der Schule<\/strong> erm\u00f6glicht und damit zur Verwirklichung einer positiven Schule beitr\u00e4gt. Dort sollen sich alle wohl f\u00fchlen, mit Spa\u00df und Freude arbeiten, beziehungsweise sich auf das sp\u00e4tere Berufsleben optimal vorbereiten.<\/p>\t\t\t\t\t\t\t\t<\/div>\n\t\t\t\t<\/div>\n\t\t\t\t<div class=\"elementor-element elementor-element-7f6604a elementor-widget elementor-widget-image\" data-id=\"7f6604a\" data-element_type=\"widget\" data-e-type=\"widget\" data-widget_type=\"image.default\">\n\t\t\t\t<div class=\"elementor-widget-container\">\n\t\t\t\t\t\t\t\t\t\t\t\t\t\t\t\t<a href=\"https:\/\/www.ltett.lu\/wp-content\/uploads\/2025\/05\/Charta_eduflow-1-scaled.png\" data-elementor-open-lightbox=\"yes\" data-elementor-lightbox-title=\"Charta_eduflow-1\" data-e-action-hash=\"#elementor-action%3Aaction%3Dlightbox%26settings%3DeyJpZCI6MzEwNTEsInVybCI6Imh0dHBzOlwvXC93d3cubHRldHQubHVcL3dwLWNvbnRlbnRcL3VwbG9hZHNcLzIwMjVcLzA1XC9DaGFydGFfZWR1Zmxvdy0xLXNjYWxlZC5wbmcifQ%3D%3D\">\n\t\t\t\t\t\t\t<img fetchpriority=\"high\" decoding=\"async\" width=\"750\" height=\"528\" src=\"https:\/\/www.ltett.lu\/wp-content\/uploads\/2025\/05\/Charta_eduflow-1-1024x721.png\" class=\"attachment-large size-large wp-image-31051\" alt=\"\" srcset=\"https:\/\/www.ltett.lu\/wp-content\/uploads\/2025\/05\/Charta_eduflow-1-1024x721.png 1024w, https:\/\/www.ltett.lu\/wp-content\/uploads\/2025\/05\/Charta_eduflow-1-300x211.png 300w, https:\/\/www.ltett.lu\/wp-content\/uploads\/2025\/05\/Charta_eduflow-1-768x541.png 768w, https:\/\/www.ltett.lu\/wp-content\/uploads\/2025\/05\/Charta_eduflow-1-1536x1081.png 1536w, https:\/\/www.ltett.lu\/wp-content\/uploads\/2025\/05\/Charta_eduflow-1-2048x1442.png 2048w\" sizes=\"(max-width: 750px) 100vw, 750px\" \/>\t\t\t\t\t\t\t\t<\/a>\n\t\t\t\t\t\t\t\t\t\t\t\t\t\t\t<\/div>\n\t\t\t\t<\/div>\n\t\t\t\t\t<\/div>\n\t\t<\/div>\n\t\t\t\t<div class=\"elementor-column elementor-col-50 elementor-top-column elementor-element elementor-element-38aac2c\" data-id=\"38aac2c\" data-element_type=\"column\" data-e-type=\"column\">\n\t\t\t<div class=\"elementor-widget-wrap elementor-element-populated\">\n\t\t\t\t\t\t<div class=\"elementor-element elementor-element-4a4d4f9 elementor-widget elementor-widget-image\" data-id=\"4a4d4f9\" data-element_type=\"widget\" data-e-type=\"widget\" data-widget_type=\"image.default\">\n\t\t\t\t<div class=\"elementor-widget-container\">\n\t\t\t\t\t\t\t\t\t\t\t\t\t\t\t<img decoding=\"async\" src=\"https:\/\/www.ltett.lu\/wp-content\/uploads\/2021\/02\/Charta-Waerter34-350x525.jpg\" title=\"Charta-W\u00e4erter34\" alt=\"Charta-W\u00e4erter34\" loading=\"lazy\" \/>\t\t\t\t\t\t\t\t\t\t\t\t\t\t\t<\/div>\n\t\t\t\t<\/div>\n\t\t\t\t\t<\/div>\n\t\t<\/div>\n\t\t\t\t\t<\/div>\n\t\t<\/section>\n\t\t\t\t<section class=\"elementor-section elementor-top-section elementor-element elementor-element-7d51870 elementor-section-boxed elementor-section-height-default elementor-section-height-default\" data-id=\"7d51870\" data-element_type=\"section\" data-e-type=\"section\">\n\t\t\t\t\t\t<div class=\"elementor-container elementor-column-gap-default\">\n\t\t\t\t\t<div class=\"elementor-column elementor-col-33 elementor-top-column elementor-element elementor-element-73a35f2\" data-id=\"73a35f2\" data-element_type=\"column\" data-e-type=\"column\">\n\t\t\t<div class=\"elementor-widget-wrap elementor-element-populated\">\n\t\t\t\t\t\t<div class=\"elementor-element elementor-element-54ee005 elementor-widget elementor-widget-spacer\" data-id=\"54ee005\" data-element_type=\"widget\" data-e-type=\"widget\" data-widget_type=\"spacer.default\">\n\t\t\t\t<div class=\"elementor-widget-container\">\n\t\t\t\t\t\t\t<div class=\"elementor-spacer\">\n\t\t\t<div class=\"elementor-spacer-inner\"><\/div>\n\t\t<\/div>\n\t\t\t\t\t\t<\/div>\n\t\t\t\t<\/div>\n\t\t\t\t\t<\/div>\n\t\t<\/div>\n\t\t\t\t<div class=\"elementor-column elementor-col-66 elementor-top-column elementor-element elementor-element-78d07f4\" data-id=\"78d07f4\" data-element_type=\"column\" data-e-type=\"column\">\n\t\t\t<div class=\"elementor-widget-wrap elementor-element-populated\">\n\t\t\t\t\t\t<div class=\"elementor-element elementor-element-940b135 elementor-widget elementor-widget-text-editor\" data-id=\"940b135\" data-element_type=\"widget\" data-e-type=\"widget\" data-widget_type=\"text-editor.default\">\n\t\t\t\t<div class=\"elementor-widget-container\">\n\t\t\t\t\t\t\t\t\t<p>Nach au\u00dfen zeigt unsere Schulcharta, welche Werte f\u00fcr unsere <strong>Schulgemeinschaft<\/strong> wichtig sind, sodass Eltern wissen, was von ihren Kindern erwartet wird. Nach Innen setzt sie Ma\u00dfst\u00e4be, an denen die Sch\u00fcler und die ganze Schulgemeinschaft sich orientieren k\u00f6nnen, was ihnen ein nachhaltiges Gef\u00fchl von Sicherheit und \u201ecorporate identity\u201c vermitteln soll.<\/p><p>In diesem Sinne \u2013 lasst uns diese <strong>Werte leben<\/strong> und somit ein lebenswertes <strong>Miteinander<\/strong> gestalten.<\/p>\t\t\t\t\t\t\t\t<\/div>\n\t\t\t\t<\/div>\n\t\t\t\t\t<\/div>\n\t\t<\/div>\n\t\t\t\t\t<\/div>\n\t\t<\/section>\n\t\t\t\t<section class=\"elementor-section elementor-top-section elementor-element elementor-element-12f73b3 elementor-section-boxed elementor-section-height-default elementor-section-height-default\" data-id=\"12f73b3\" data-element_type=\"section\" data-e-type=\"section\">\n\t\t\t\t\t\t<div class=\"elementor-container elementor-column-gap-default\">\n\t\t\t\t\t<div class=\"elementor-column elementor-col-100 elementor-top-column elementor-element elementor-element-4abde8d\" data-id=\"4abde8d\" data-element_type=\"column\" data-e-type=\"column\">\n\t\t\t<div class=\"elementor-widget-wrap elementor-element-populated\">\n\t\t\t\t\t\t<div class=\"elementor-element elementor-element-4fa18c2 elementor-widget elementor-widget-spacer\" data-id=\"4fa18c2\" data-element_type=\"widget\" data-e-type=\"widget\" data-widget_type=\"spacer.default\">\n\t\t\t\t<div class=\"elementor-widget-container\">\n\t\t\t\t\t\t\t<div class=\"elementor-spacer\">\n\t\t\t<div class=\"elementor-spacer-inner\"><\/div>\n\t\t<\/div>\n\t\t\t\t\t\t<\/div>\n\t\t\t\t<\/div>\n\t\t\t\t\t<\/div>\n\t\t<\/div>\n\t\t\t\t\t<\/div>\n\t\t<\/section>\n\t\t\t\t<section class=\"elementor-section elementor-top-section elementor-element elementor-element-3e64107 elementor-section-boxed elementor-section-height-default elementor-section-height-default\" data-id=\"3e64107\" data-element_type=\"section\" data-e-type=\"section\">\n\t\t\t\t\t\t<div class=\"elementor-container elementor-column-gap-default\">\n\t\t\t\t\t<div class=\"elementor-column elementor-col-50 elementor-top-column elementor-element elementor-element-eb9d3fa\" data-id=\"eb9d3fa\" data-element_type=\"column\" data-e-type=\"column\">\n\t\t\t<div class=\"elementor-widget-wrap elementor-element-populated\">\n\t\t\t\t\t\t<div class=\"elementor-element elementor-element-89a7fc7 elementor-widget elementor-widget-image\" data-id=\"89a7fc7\" data-element_type=\"widget\" data-e-type=\"widget\" data-widget_type=\"image.default\">\n\t\t\t\t<div class=\"elementor-widget-container\">\n\t\t\t\t\t\t\t\t\t\t\t\t\t\t\t\t<a href=\"https:\/\/www.ltett.lu\/wp-content\/uploads\/2025\/05\/Charta_Flyer_Page_2.png\" data-elementor-open-lightbox=\"yes\" data-elementor-lightbox-title=\"Charta_Flyer_Page_2\" data-e-action-hash=\"#elementor-action%3Aaction%3Dlightbox%26settings%3DeyJpZCI6MzEwNTIsInVybCI6Imh0dHBzOlwvXC93d3cubHRldHQubHVcL3dwLWNvbnRlbnRcL3VwbG9hZHNcLzIwMjVcLzA1XC9DaGFydGFfRmx5ZXJfUGFnZV8yLnBuZyJ9\">\n\t\t\t\t\t\t\t<img decoding=\"async\" width=\"750\" height=\"528\" src=\"https:\/\/www.ltett.lu\/wp-content\/uploads\/2025\/05\/Charta_Flyer_Page_2-1024x721.png\" class=\"attachment-large size-large wp-image-31052\" alt=\"\" srcset=\"https:\/\/www.ltett.lu\/wp-content\/uploads\/2025\/05\/Charta_Flyer_Page_2-1024x721.png 1024w, https:\/\/www.ltett.lu\/wp-content\/uploads\/2025\/05\/Charta_Flyer_Page_2-300x211.png 300w, https:\/\/www.ltett.lu\/wp-content\/uploads\/2025\/05\/Charta_Flyer_Page_2-768x541.png 768w, https:\/\/www.ltett.lu\/wp-content\/uploads\/2025\/05\/Charta_Flyer_Page_2-1536x1081.png 1536w, https:\/\/www.ltett.lu\/wp-content\/uploads\/2025\/05\/Charta_Flyer_Page_2.png 1808w\" sizes=\"(max-width: 750px) 100vw, 750px\" \/>\t\t\t\t\t\t\t\t<\/a>\n\t\t\t\t\t\t\t\t\t\t\t\t\t\t\t<\/div>\n\t\t\t\t<\/div>\n\t\t\t\t\t<\/div>\n\t\t<\/div>\n\t\t\t\t<div class=\"elementor-column elementor-col-50 elementor-top-column elementor-element elementor-element-df74be3\" data-id=\"df74be3\" data-element_type=\"column\" data-e-type=\"column\">\n\t\t\t<div class=\"elementor-widget-wrap elementor-element-populated\">\n\t\t\t\t\t\t<div class=\"elementor-element elementor-element-8661436 elementor-widget elementor-widget-image\" data-id=\"8661436\" data-element_type=\"widget\" data-e-type=\"widget\" data-widget_type=\"image.default\">\n\t\t\t\t<div class=\"elementor-widget-container\">\n\t\t\t\t\t\t\t\t\t\t\t\t\t\t\t\t<a href=\"https:\/\/www.ltett.lu\/wp-content\/uploads\/2025\/05\/Charta_Flyer_Page_1-scaled.png\" data-elementor-open-lightbox=\"yes\" data-elementor-lightbox-title=\"Charta_Flyer_Page_1\" data-e-action-hash=\"#elementor-action%3Aaction%3Dlightbox%26settings%3DeyJpZCI6MzEwNTMsInVybCI6Imh0dHBzOlwvXC93d3cubHRldHQubHVcL3dwLWNvbnRlbnRcL3VwbG9hZHNcLzIwMjVcLzA1XC9DaGFydGFfRmx5ZXJfUGFnZV8xLXNjYWxlZC5wbmcifQ%3D%3D\">\n\t\t\t\t\t\t\t<img decoding=\"async\" width=\"750\" height=\"530\" src=\"https:\/\/www.ltett.lu\/wp-content\/uploads\/2025\/05\/Charta_Flyer_Page_1-1024x723.png\" class=\"attachment-large size-large wp-image-31053\" alt=\"\" srcset=\"https:\/\/www.ltett.lu\/wp-content\/uploads\/2025\/05\/Charta_Flyer_Page_1-1024x723.png 1024w, https:\/\/www.ltett.lu\/wp-content\/uploads\/2025\/05\/Charta_Flyer_Page_1-300x212.png 300w, https:\/\/www.ltett.lu\/wp-content\/uploads\/2025\/05\/Charta_Flyer_Page_1-768x542.png 768w, https:\/\/www.ltett.lu\/wp-content\/uploads\/2025\/05\/Charta_Flyer_Page_1-1536x1085.png 1536w, https:\/\/www.ltett.lu\/wp-content\/uploads\/2025\/05\/Charta_Flyer_Page_1-2048x1446.png 2048w\" sizes=\"(max-width: 750px) 100vw, 750px\" \/>\t\t\t\t\t\t\t\t<\/a>\n\t\t\t\t\t\t\t\t\t\t\t\t\t\t\t<\/div>\n\t\t\t\t<\/div>\n\t\t\t\t\t<\/div>\n\t\t<\/div>\n\t\t\t\t\t<\/div>\n\t\t<\/section>\n\t\t\t\t<section class=\"elementor-section elementor-top-section elementor-element elementor-element-2f4e0c6 elementor-section-boxed elementor-section-height-default elementor-section-height-default\" data-id=\"2f4e0c6\" data-element_type=\"section\" data-e-type=\"section\">\n\t\t\t\t\t\t<div class=\"elementor-container elementor-column-gap-default\">\n\t\t\t\t\t<div class=\"elementor-column elementor-col-100 elementor-top-column elementor-element elementor-element-a5bf355\" data-id=\"a5bf355\" data-element_type=\"column\" data-e-type=\"column\">\n\t\t\t<div class=\"elementor-widget-wrap elementor-element-populated\">\n\t\t\t\t\t\t<div class=\"elementor-element elementor-element-db9370a elementor-widget elementor-widget-spacer\" data-id=\"db9370a\" data-element_type=\"widget\" data-e-type=\"widget\" data-widget_type=\"spacer.default\">\n\t\t\t\t<div class=\"elementor-widget-container\">\n\t\t\t\t\t\t\t<div class=\"elementor-spacer\">\n\t\t\t<div class=\"elementor-spacer-inner\"><\/div>\n\t\t<\/div>\n\t\t\t\t\t\t<\/div>\n\t\t\t\t<\/div>\n\t\t\t\t\t<\/div>\n\t\t<\/div>\n\t\t\t\t\t<\/div>\n\t\t<\/section>\n\t\t\t\t<section class=\"elementor-section elementor-top-section elementor-element elementor-element-ed9cd7c elementor-section-boxed elementor-section-height-default elementor-section-height-default\" data-id=\"ed9cd7c\" data-element_type=\"section\" data-e-type=\"section\">\n\t\t\t\t\t\t<div class=\"elementor-container elementor-column-gap-default\">\n\t\t\t\t\t<div class=\"elementor-column elementor-col-100 elementor-top-column elementor-element elementor-element-e9b0a55\" data-id=\"e9b0a55\" data-element_type=\"column\" data-e-type=\"column\">\n\t\t\t<div class=\"elementor-widget-wrap elementor-element-populated\">\n\t\t\t\t\t\t<div class=\"elementor-element elementor-element-d82efbb elementor-widget elementor-widget-spacer\" data-id=\"d82efbb\" data-element_type=\"widget\" data-e-type=\"widget\" data-widget_type=\"spacer.default\">\n\t\t\t\t<div class=\"elementor-widget-container\">\n\t\t\t\t\t\t\t<div class=\"elementor-spacer\">\n\t\t\t<div class=\"elementor-spacer-inner\"><\/div>\n\t\t<\/div>\n\t\t\t\t\t\t<\/div>\n\t\t\t\t<\/div>\n\t\t\t\t\t<\/div>\n\t\t<\/div>\n\t\t\t\t\t<\/div>\n\t\t<\/section>\n\t\t\t\t<section class=\"elementor-section elementor-top-section elementor-element elementor-element-aaf9252 elementor-section-boxed elementor-section-height-default elementor-section-height-default\" data-id=\"aaf9252\" data-element_type=\"section\" data-e-type=\"section\">\n\t\t\t\t\t\t<div class=\"elementor-container elementor-column-gap-default\">\n\t\t\t\t\t<div class=\"elementor-column elementor-col-20 elementor-top-column elementor-element elementor-element-1a4b4a1\" data-id=\"1a4b4a1\" data-element_type=\"column\" data-e-type=\"column\">\n\t\t\t<div class=\"elementor-widget-wrap elementor-element-populated\">\n\t\t\t\t\t\t<div class=\"elementor-element elementor-element-f18e936 elementor-widget elementor-widget-image\" data-id=\"f18e936\" data-element_type=\"widget\" data-e-type=\"widget\" data-widget_type=\"image.default\">\n\t\t\t\t<div class=\"elementor-widget-container\">\n\t\t\t\t\t\t\t\t\t\t\t\t\t\t\t<img loading=\"lazy\" decoding=\"async\" width=\"683\" height=\"1024\" src=\"https:\/\/www.ltett.lu\/wp-content\/uploads\/2021\/02\/Charta-Waerter26-683x1024.jpg\" class=\"attachment-large size-large wp-image-4525\" alt=\"\" srcset=\"https:\/\/www.ltett.lu\/wp-content\/uploads\/2021\/02\/Charta-Waerter26-683x1024.jpg 683w, https:\/\/www.ltett.lu\/wp-content\/uploads\/2021\/02\/Charta-Waerter26-200x300.jpg 200w, https:\/\/www.ltett.lu\/wp-content\/uploads\/2021\/02\/Charta-Waerter26-768x1152.jpg 768w, https:\/\/www.ltett.lu\/wp-content\/uploads\/2021\/02\/Charta-Waerter26-1024x1536.jpg 1024w, https:\/\/www.ltett.lu\/wp-content\/uploads\/2021\/02\/Charta-Waerter26-1365x2048.jpg 1365w, https:\/\/www.ltett.lu\/wp-content\/uploads\/2021\/02\/Charta-Waerter26-830x1245.jpg 830w, https:\/\/www.ltett.lu\/wp-content\/uploads\/2021\/02\/Charta-Waerter26-230x345.jpg 230w, https:\/\/www.ltett.lu\/wp-content\/uploads\/2021\/02\/Charta-Waerter26-350x525.jpg 350w, https:\/\/www.ltett.lu\/wp-content\/uploads\/2021\/02\/Charta-Waerter26-480x720.jpg 480w, https:\/\/www.ltett.lu\/wp-content\/uploads\/2021\/02\/Charta-Waerter26-scaled.jpg 1707w\" sizes=\"(max-width: 683px) 100vw, 683px\" \/>\t\t\t\t\t\t\t\t\t\t\t\t\t\t\t<\/div>\n\t\t\t\t<\/div>\n\t\t\t\t\t<\/div>\n\t\t<\/div>\n\t\t\t\t<div class=\"elementor-column elementor-col-20 elementor-top-column elementor-element elementor-element-8669926\" data-id=\"8669926\" data-element_type=\"column\" data-e-type=\"column\">\n\t\t\t<div class=\"elementor-widget-wrap elementor-element-populated\">\n\t\t\t\t\t\t<div class=\"elementor-element elementor-element-e75beac elementor-widget elementor-widget-text-editor\" data-id=\"e75beac\" data-element_type=\"widget\" data-e-type=\"widget\" data-widget_type=\"text-editor.default\">\n\t\t\t\t<div class=\"elementor-widget-container\">\n\t\t\t\t\t\t\t\t\t<p style=\"text-align: center;\"><strong>\u00a0<\/strong><\/p><p style=\"text-align: center;\"><strong>Engagement<\/strong><\/p><p style=\"text-align: center;\"><strong>\u00a0<\/strong><\/p><p style=\"text-align: center;\"><strong>\u00a0<\/strong><\/p><p style=\"text-align: center;\"><strong>Respect<\/strong><\/p><p style=\"text-align: center;\"><strong>\u00a0<\/strong><\/p><p style=\"text-align: center;\"><strong>\u00a0<\/strong><\/p><p style=\"text-align: center;\"><strong>Serviabilit\u00e9<\/strong><\/p>\t\t\t\t\t\t\t\t<\/div>\n\t\t\t\t<\/div>\n\t\t\t\t\t<\/div>\n\t\t<\/div>\n\t\t\t\t<div class=\"elementor-column elementor-col-20 elementor-top-column elementor-element elementor-element-8494163\" data-id=\"8494163\" data-element_type=\"column\" data-e-type=\"column\">\n\t\t\t<div class=\"elementor-widget-wrap elementor-element-populated\">\n\t\t\t\t\t\t<div class=\"elementor-element elementor-element-2f80c13 elementor-widget elementor-widget-image\" data-id=\"2f80c13\" data-element_type=\"widget\" data-e-type=\"widget\" data-widget_type=\"image.default\">\n\t\t\t\t<div class=\"elementor-widget-container\">\n\t\t\t\t\t\t\t\t\t\t\t\t\t\t\t<img loading=\"lazy\" decoding=\"async\" width=\"683\" height=\"1024\" src=\"https:\/\/www.ltett.lu\/wp-content\/uploads\/2021\/02\/Charta-Waerter42-683x1024.jpg\" class=\"attachment-large size-large wp-image-4538\" alt=\"\" srcset=\"https:\/\/www.ltett.lu\/wp-content\/uploads\/2021\/02\/Charta-Waerter42-683x1024.jpg 683w, https:\/\/www.ltett.lu\/wp-content\/uploads\/2021\/02\/Charta-Waerter42-200x300.jpg 200w, https:\/\/www.ltett.lu\/wp-content\/uploads\/2021\/02\/Charta-Waerter42-768x1152.jpg 768w, https:\/\/www.ltett.lu\/wp-content\/uploads\/2021\/02\/Charta-Waerter42-1024x1536.jpg 1024w, https:\/\/www.ltett.lu\/wp-content\/uploads\/2021\/02\/Charta-Waerter42-1365x2048.jpg 1365w, https:\/\/www.ltett.lu\/wp-content\/uploads\/2021\/02\/Charta-Waerter42-scaled.jpg 1707w\" sizes=\"(max-width: 683px) 100vw, 683px\" \/>\t\t\t\t\t\t\t\t\t\t\t\t\t\t\t<\/div>\n\t\t\t\t<\/div>\n\t\t\t\t\t<\/div>\n\t\t<\/div>\n\t\t\t\t<div class=\"elementor-column elementor-col-20 elementor-top-column elementor-element elementor-element-3af6e27\" data-id=\"3af6e27\" data-element_type=\"column\" data-e-type=\"column\">\n\t\t\t<div class=\"elementor-widget-wrap elementor-element-populated\">\n\t\t\t\t\t\t<div class=\"elementor-element elementor-element-dc659c8 elementor-widget elementor-widget-text-editor\" data-id=\"dc659c8\" data-element_type=\"widget\" data-e-type=\"widget\" data-widget_type=\"text-editor.default\">\n\t\t\t\t<div class=\"elementor-widget-container\">\n\t\t\t\t\t\t\t\t\t<p style=\"text-align: center;\"><strong>\u00a0<\/strong><\/p><p style=\"text-align: center;\"><strong>Bien-\u00eatre<\/strong><\/p><p style=\"text-align: center;\"><strong>\u00a0<\/strong><\/p><p style=\"text-align: center;\"><\/p><p style=\"text-align: center;\"><strong>Sant\u00e9<\/strong><\/p><p style=\"text-align: center;\"><strong>\u00a0<\/strong><\/p><p style=\"text-align: center;\"><\/p><p style=\"text-align: center;\"><strong>Tol\u00e9rance<\/strong><\/p><p style=\"text-align: center;\"><strong>\u00a0<\/strong><\/p><p style=\"text-align: center;\"><\/p><p style=\"text-align: center;\"><strong>Honn\u00eatet\u00e9<\/strong><\/p><p style=\"text-align: center;\"><strong>\u00a0<\/strong><\/p>\t\t\t\t\t\t\t\t<\/div>\n\t\t\t\t<\/div>\n\t\t\t\t\t<\/div>\n\t\t<\/div>\n\t\t\t\t<div class=\"elementor-column elementor-col-20 elementor-top-column elementor-element elementor-element-74c04f9\" data-id=\"74c04f9\" data-element_type=\"column\" data-e-type=\"column\">\n\t\t\t<div class=\"elementor-widget-wrap elementor-element-populated\">\n\t\t\t\t\t\t<div class=\"elementor-element elementor-element-11a984e elementor-widget elementor-widget-image\" data-id=\"11a984e\" data-element_type=\"widget\" data-e-type=\"widget\" data-widget_type=\"image.default\">\n\t\t\t\t<div class=\"elementor-widget-container\">\n\t\t\t\t\t\t\t\t\t\t\t\t\t\t\t<img loading=\"lazy\" decoding=\"async\" width=\"683\" height=\"1024\" src=\"https:\/\/www.ltett.lu\/wp-content\/uploads\/2021\/02\/Charta-Waerter32-683x1024.jpg\" class=\"attachment-large size-large wp-image-4537\" alt=\"\" srcset=\"https:\/\/www.ltett.lu\/wp-content\/uploads\/2021\/02\/Charta-Waerter32-683x1024.jpg 683w, https:\/\/www.ltett.lu\/wp-content\/uploads\/2021\/02\/Charta-Waerter32-200x300.jpg 200w, https:\/\/www.ltett.lu\/wp-content\/uploads\/2021\/02\/Charta-Waerter32-768x1152.jpg 768w, https:\/\/www.ltett.lu\/wp-content\/uploads\/2021\/02\/Charta-Waerter32-1024x1536.jpg 1024w, https:\/\/www.ltett.lu\/wp-content\/uploads\/2021\/02\/Charta-Waerter32-1365x2048.jpg 1365w, https:\/\/www.ltett.lu\/wp-content\/uploads\/2021\/02\/Charta-Waerter32-scaled.jpg 1707w\" sizes=\"(max-width: 683px) 100vw, 683px\" \/>\t\t\t\t\t\t\t\t\t\t\t\t\t\t\t<\/div>\n\t\t\t\t<\/div>\n\t\t\t\t\t<\/div>\n\t\t<\/div>\n\t\t\t\t\t<\/div>\n\t\t<\/section>\n\t\t\t\t<section class=\"elementor-section elementor-top-section elementor-element elementor-element-4184120 elementor-section-boxed elementor-section-height-default elementor-section-height-default\" data-id=\"4184120\" data-element_type=\"section\" data-e-type=\"section\">\n\t\t\t\t\t\t<div class=\"elementor-container elementor-column-gap-default\">\n\t\t\t\t\t<div class=\"elementor-column elementor-col-100 elementor-top-column elementor-element elementor-element-6ab87b8\" data-id=\"6ab87b8\" data-element_type=\"column\" data-e-type=\"column\">\n\t\t\t<div class=\"elementor-widget-wrap elementor-element-populated\">\n\t\t\t\t\t\t<div class=\"elementor-element elementor-element-e6366f9 elementor-widget elementor-widget-spacer\" data-id=\"e6366f9\" data-element_type=\"widget\" data-e-type=\"widget\" data-widget_type=\"spacer.default\">\n\t\t\t\t<div class=\"elementor-widget-container\">\n\t\t\t\t\t\t\t<div class=\"elementor-spacer\">\n\t\t\t<div class=\"elementor-spacer-inner\"><\/div>\n\t\t<\/div>\n\t\t\t\t\t\t<\/div>\n\t\t\t\t<\/div>\n\t\t\t\t\t<\/div>\n\t\t<\/div>\n\t\t\t\t\t<\/div>\n\t\t<\/section>\n\t\t\t\t<section class=\"elementor-section elementor-top-section elementor-element elementor-element-b532287 elementor-section-boxed elementor-section-height-default elementor-section-height-default\" data-id=\"b532287\" data-element_type=\"section\" data-e-type=\"section\">\n\t\t\t\t\t\t<div class=\"elementor-container elementor-column-gap-default\">\n\t\t\t\t\t<div class=\"elementor-column elementor-col-100 elementor-top-column elementor-element elementor-element-f3ecd34\" data-id=\"f3ecd34\" data-element_type=\"column\" data-e-type=\"column\">\n\t\t\t<div class=\"elementor-widget-wrap elementor-element-populated\">\n\t\t\t\t\t\t<div class=\"elementor-element elementor-element-ef7f5d5 elementor-widget elementor-widget-spacer\" data-id=\"ef7f5d5\" data-element_type=\"widget\" data-e-type=\"widget\" data-widget_type=\"spacer.default\">\n\t\t\t\t<div class=\"elementor-widget-container\">\n\t\t\t\t\t\t\t<div class=\"elementor-spacer\">\n\t\t\t<div class=\"elementor-spacer-inner\"><\/div>\n\t\t<\/div>\n\t\t\t\t\t\t<\/div>\n\t\t\t\t<\/div>\n\t\t\t\t\t<\/div>\n\t\t<\/div>\n\t\t\t\t\t<\/div>\n\t\t<\/section>\n\t\t\t\t<\/div>\n\t\t","protected":false},"excerpt":{"rendered":"<p>Charte scolaire &#8211; Schulcharta Werte bilden den Grundstein um ein positives Klima an unserer Schule zu gew\u00e4hrleisten. F\u00fcr uns wichtige Werte haben wir in\u00a0 unserer Schulcharta zusammengefasst. Unsere Schulcharta ist als Instrumentarium zu verstehen, das die Identifikation mit der Schule verst\u00e4rkt, ein faires Miteinander in der Schule erm\u00f6glicht und damit [&hellip;]<\/p>\n","protected":false},"author":8,"featured_media":0,"parent":1559,"menu_order":0,"comment_status":"closed","ping_status":"closed","template":"elementor_header_footer","meta":{"footnotes":""},"class_list":["post-2692","page","type-page","status-publish","hentry"],"jetpack_sharing_enabled":true,"_links":{"self":[{"href":"https:\/\/www.ltett.lu\/wp-json\/wp\/v2\/pages\/2692","targetHints":{"allow":["GET"]}}],"collection":[{"href":"https:\/\/www.ltett.lu\/wp-json\/wp\/v2\/pages"}],"about":[{"href":"https:\/\/www.ltett.lu\/wp-json\/wp\/v2\/types\/page"}],"author":[{"embeddable":true,"href":"https:\/\/www.ltett.lu\/wp-json\/wp\/v2\/users\/8"}],"replies":[{"embeddable":true,"href":"https:\/\/www.ltett.lu\/wp-json\/wp\/v2\/comments?post=2692"}],"version-history":[{"count":104,"href":"https:\/\/www.ltett.lu\/wp-json\/wp\/v2\/pages\/2692\/revisions"}],"predecessor-version":[{"id":33257,"href":"https:\/\/www.ltett.lu\/wp-json\/wp\/v2\/pages\/2692\/revisions\/33257"}],"up":[{"embeddable":true,"href":"https:\/\/www.ltett.lu\/wp-json\/wp\/v2\/pages\/1559"}],"wp:attachment":[{"href":"https:\/\/www.ltett.lu\/wp-json\/wp\/v2\/media?parent=2692"}],"curies":[{"name":"wp","href":"https:\/\/api.w.org\/{rel}","templated":true}]}}